 + w. Suppose -5*h - j*d = d - 141, 0 = 4*h - d - v. What is the tens digit of h?
2
Let m(i) = -i**2 - 1. Let o(n) = -7*n**2 + 13*n - 14. Let k(a) = -6*m(a) + o(a). What is the tens digit of k(11)?
1
Let u(d) = -3*d + 73. Let n be u(0). Suppose -z + 226 = z. Let k = z - n. What is the units digit of k?
0
Let a(r) = -2*r**2 + 9*r - 7. Let k be a(4). Let c = k + 27. Let d = 32 + c. What is the tens digit of d?
5
Let m = -2 - -4. Suppose 336 + 30 = 4*u - 3*d, -4*d + 194 = m*u. What is the units digit of u?
3
What is the units digit of 918/24*5/((-30)/(-64))?
8
Let k be (-2 + 3 + -3)*6/(-4). Suppose -2*t - 8 = -3*b, -b + 3 = t - k. What is the units digit of b?
4
Let p(v) be the first derivative of v**3/3 - 9*v**2/2 + 77*v - 1. What is the units digit of p(20)?
7
What is the hundreds digit of 6/10 - (-62349)/35?
7
Let w(a) = 13*a**2 + 0*a**2 + 11*a**2 + 6*a - 6. What is the tens digit of w(3)?
2
Suppose -6*j + 4380 = 9*j. What is the tens digit of j?
9
Suppose 1 = -v - 3*n - 0, -2*v + 5*n + 31 = 0. What is the units digit of v?
8
Suppose -5*m = -2*f - 13182, m + 4*f - 2650 = f. What is the thousands digit of m?
2
Let w(b) = -17*b**3 + 2*b + 1. Let k be w(-1). Let o be (k/(-40))/(2/(-10)). Suppose -64 = -2*i - o*i. What is the units digit of i?
6
Let u = 8 + 3. Let o be (-10)/(-55) - (-20)/u. Suppose o*y - 7*y = 3*i - 101, -2*i - 4*y + 70 = 0. What is the tens digit of i?
2
Suppose -6958 = -10*s - 1058. What is the tens digit of s?
9
Let c = -12051 - -31626. What is the units digit of (-4)/22 - c/(-275)?
1
Let l be -1 + (-2 - 0)/(-2). Suppose 3*b - 11 = 2*b. Suppose x = -l*x + b. What is the tens digit of x?
1
Let p(z) = 5*z + 22. Let w(v) = -2*v**2 + 32*v + 13. Let q be w(16). What is the units digit of p(q)?
7
Let p(f) be the first derivative of -5*f**4/4 + 5*f**3/3 + 5*f**2/2 - 2*f - 21. What is the units digit of p(-3)?
3
Suppose -20 = -14*y + 64. Suppose -4*r + y*r = -q + 197, 0 = -3*r - q + 296. What is the units digit of r?
9
Let s be (-10)/(-6) - (-3)/9. Suppose 4*p - 2*j - 757 = -j, 371 = s*p + j. What is the units digit of p?
8
Suppose -5*g + 3*w + 4 = 6, 10 = 3*g + w. Suppose 674 = 4*h - h + g*k, -5*k - 1165 = -5*h. What is the hundreds digit of h?
2
Let d(x) = -x**2 - 9*x - 8. Let k be d(-8). Let b(t) = -t**2 + 2*t + 62. What is the tens digit of b(k)?
6
Suppose 0 = 17*q - 3*q - 4690. What is the hundreds digit of q?
3
Let m be 9/1*(-1 - -2). What is the tens digit of -5 + 51/m + 362/6?
6
Let z be (4 - -5) + (-1 - 4). Suppose -4*h + m + 29 = 0, 5*m = -7*h + z*h + 39. What is the units digit of h?
8
Let m(a) = a + 0 + 6 + 6*a - a. Let q be m(-9). Let t = 98 + q. What is the units digit of t?
0
Let y(n) = -4*n + 72. What is the tens digit of y(9)?
3
Let l(o) = 126*o - 121. What is the units digit of l(6)?
5
Suppose -5*j = -5*l + 235, -j = 4*j + 4*l + 244. Let o be (8/(-6))/((-16)/j). What is the tens digit of (-5 - -71) + (-1 - o)?
6
Let m(a) = a**3 + 9*a**2 - 43*a - 21. What is the thousands digit of m(9)?
1
Let w be 8/14 - 3660/84. Let n = w + 167. What is the hundreds digit of n?
1
What is the units digit of 2070/8 + (-6)/(-3 + -21)?
9
Suppose 4*c + 4*l - 25 = -133, 5*c = -l - 123. Let u(r) = r**3 + 25*r**2 + 21*r + 20. What is the units digit of u(c)?
2
Let z be (15 - 0) + -3 + 3. Let y = 9 - z. What is the units digit of 3/(-2)*y/3?
3
Let r be 18/(-27) + -2 + (-23)/(-3). Suppose -147 = -o - u + 113, 0 = r*u. What is the hundreds digit of o?
2
What is the hundreds digit of 10/(-80) + -598*(-76)/64?
7
What is the tens digit of 11094/18 + (-4)/3?
1
Suppose -3*j - 6*k + 2*k = -6, -2 = -j + k. Let h(l) be the second derivative of l**4/3 + l**2 + l. What is the tens digit of h(j)?
1
What is the hundreds digit of 414 + 20/(-5) + -4 + 7?
4
Let l(n) = n - 5. Let t be l(7). Suppose -s + 1 = t*z, 0*z - 2*z - 3*s = 5. Suppose -a - w + 35 = 0, z*a - 31 = 2*w + 35. What is the tens digit of a?
3
Let u = -84 - -90. Suppose 0*a + u*a - 1032 = 0. What is the tens digit of a?
7
Suppose -69*t + 65*t + 3316 = 0. What is the units digit of t?
9
Suppose 16*g - 1266 - 7502 = 0. What is the hundreds digit of g?
5
Let j(v) = 12*v - 16. Let z be j(8). Let w = z - -147. What is the tens digit of w?
2
Suppose 5*n + 4*g = 2*n + 21, 0 = -5*g. Suppose 0 = -12*i + n*i + 20. What is the units digit of i?
4
Let c(y) = -4*y - 12. Let x be c(-9). Suppose -5*o + x = -o. Suppose j = 39 - o. What is the tens digit of j?
3
Suppose 0*d = 3*d - 11346. What is the tens digit of d?
8
Suppose -8*s + 1 = -39. Suppose -s*v = -26 - 79. What is the units digit of v?
1
Let u(m) = m**3 + 8*m**2 + 5*m - 10. Let g be u(-7). Suppose 20 = 53*j - 58*j. What is the tens digit of g + 22 + j + 1?
2
What is the units digit of ((-3105)/27)/(-1 + 0)?
5
Suppose 3*g + 3 = 4*g. Let p(h) = h - 1. Let b be p(g). Suppose 33 = b*l - 9. What is the units digit of l?
1
Let j(d) = d**3 + 5*d**2 - 2*d + 5. Let g(k) = k**3 + 6*k**2 - 3*k + 4. Let m(s) = -7*g(s) + 6*j(s). What is the units digit of m(-13)?
4
Let j(o) = 2 - 19 + 9 + 44*o**2 + 10. What is the tens digit of j(-2)?
7
Suppose 8*o - 2*o = 48. Suppose 3*y - 159 - 88 = -5*r, 0 = -2*y + o. Let l = 14 + r. What is the tens digit of l?
6
Let w(o) = -14*o**3 + o**2 - o + 1. Let r be w(2). Let n be 13 - 1 - (3 + 2 - 5). What is the tens digit of 8/n - r/3?
3
Let g = -49 + 63. Let b(q) = q + 4. Let u be b(3). Let c = u + g. What is the tens digit of c?
2
Suppose -9*m - 9*m + 25884 = 0. What is the hundreds digit of m?
4
Suppose 4*l + 316 - 1014 = -g, g + 3*l = 697. What is the units digit of g?
4
Let c(n) = -n**2 + 16*n - 23*n + n**3 + 5*n**2 - 2 + 3*n**2. What is the tens digit of c(-7)?
4
What is the units digit of ((-12)/5)/(16/(-5960))?
4
Let x(n) = n**3 - 12*n**2 - 12*n - 18. What is the hundreds digit of x(14)?
2
Suppose -68247 - 73301 = -44*j. What is the units digit of j?
7
Let s(g) = -5*g - 155 + 155. What is the units digit of s(-1)?
5
Let h be (1 - 2)*-10*-1. Let k(s) = -s**2 - 11*s + 8. Let w be k(h). What is the tens digit of 699/w + (-1)/(-6)?
3
Let b(a) = -9*a**3 - a**2 + 17*a + 37. What is the tens digit of b(-5)?
5
Suppose 11*k - 15*k + 16 = 0. Suppose 2*u - 5*j + 130 = k*u, 2*u = -4*j + 126. What is the units digit of u?
5
Let i = 6 + -7. Suppose -7*m + 17 = -o - 2*m, -m + 17 = -o. Let j = i - o. What is the units digit of j?
6
What is the hundreds digit of 50/(-5)*36/(-1)?
3
Let y(r) = -r**2 + 6*r - 2. Let g be y(5). Suppose 330 = g*h + 2*h. What is the units digit of h?
6
What is the tens digit of ((-208)/(-4))/((-2)/(3 + -15))?
1
Let q = 100 + -72. Suppose -30*s + 198 = -q*s. What is the units digit of s?
9
Suppose -3*n - 2*o + 68 = -0*n, o + 122 = 5*n. What is the units digit of -2*2/8 - (-2700)/n?
2
Suppose 5*q + r - 7014 = 0, 53*q = 52*q - 3*r + 1400. What is the hundreds digit of q?
4
Suppose -2567 = -f - 4*r - r, -3*r - 5173 = -2*f. What is the units digit of f?
2
Suppose 1161 = 4*w + 185. Suppose -x = -2*u - 80, 5*x + 5*u - w = 216. What is the tens digit of x?
8
Suppose 2*u - 2*w - 450 = 0, -7*w + 448 = 2*u - 10*w. What is the hundreds digit of u?
2
Suppose 3*g = -0*g - b + 89, -g - b = -29. Suppose 0*i = -5*i - g. What is the units digit of i/16 + (-805)/(-56)?
4
Let h be -10 + (-8 + -4)/(-3). Let t(r) = -14*r + 1. What is the units digit of t(h)?
5
Suppose 638 = 2*w - 914. What is the tens digit of w?
7
Suppose 243*w - 237*w - 2412 = 0. What is the hundreds digit of w?
4
Suppose -2*h = -5*v + 874, 0 = -2*v + 4*h + h + 337. What is the tens digit of v?
7
Let r(y) = 29*y - 135. What is the units digit of r(11)?
4
Let x = -9 - -17. Let c = 2 + 2. Suppose -96 = -c*m + 4*j, -3*j - x = -j. What is the units digit of m?
0
Let j(h) = h**2 - 4*h + 2. Let w = 8 - 4. Let a be j(w). Suppose 8 = -a*s, -2*s + 44 = 3*x - 4*s. What is the units digit of x?
2
Let j(g) = g**3 - 2*g**2 - 3*g - 1. Suppose -r - 5*d = -5, 2*r + 2*d - 5 = r. Let x be j(r). Suppose -3*l + x + 31 = 0. What is the tens digit of l?
3
Let n = 67 + -70. What is the units digit of 98 + -14 - n/(-1)?
1
Suppose 139*f = 140*f - 355. What is the units digit of f?
5
Suppose w = -4*w + 25. Suppose 0 = 3*k - x - 12 - 212, 0 = -5*x + w. Suppose -k = -4*y + 25. What is the tens digit of y?
2
Let i(d) = 661*d**2 - 3*d - 2. What is the units digit of i(-1)?
2
Suppose 10*a + 16